6
Let c(j) = j**2 + 6*j - 8. Let u be c(-7). Let b(k) = k**3 + 5*k**2 + 5. What is the remainder when b(-5) is divided by (-10)/5*(u + 0)?
1
Let o(t) = -t**2 + 7*t - 2. Let g be o(5). Let q = 43 - g. Calculate the remainder when q is divided by 12.
11
Let g be 14/4 + 1/(-2). What is the remainder when g/(2*(-2)/(-4)) is divided by 1?
0
Let b be (-2 - 0) + 0 + 9. Let a = 10 - b. Calculate the remainder when 54 is divided by a - (2 + 1 + -28).
26
Let t(y) = y**3 + 13*y**2 + 7*y - 11. What is the remainder when t(-9) is divided by 42?
40
Let k(o) = o**2 + 5*o - 10. Let v be k(-8). Suppose 0 = -d - d + v. Let r(z) = 3*z**2 - z - 4. Calculate the remainder when r(3) is divided by d.
6
Suppose 3*o - 2*o = 11. Calculate the remainder when 42 is divided by o.
9
Let r(t) = -t + 14 - 4*t - 11 + 3*t. Suppose -s - 4 = 4. What is the remainder when r(s) is divided by 10?
9
Let t(r) = -3*r - 16. Let g be t(-7). Suppose -5*k = 3*x - 7*x - 48, 45 = g*k - 5*x. Let u = -20 + 42. What is the remainder when u is divided by k?
10
Suppose 1 = -3*q + 4*q. Let n be -2 + (q - 8)/(-1). Calculate the remainder when 4 is divided by n/30 + 34/12.
1
Let x = 47 + -15. Let h = 2 - -5. What is the remainder when 5 + -8 + x/2 is divided by h?
6
Suppose w + 3*w = 0. What is the remainder when (17 - 0)*(1 + w) is divided by 5?
2
Suppose -37 + 10 = -3*q. Calculate the remainder when q is divided by 4.
1
Let v = 28 + -13. Calculate the remainder when (-18)/4*(-110)/v is divided by 17.
16
Let u = 46 + -13. Let m = -27 + 47. What is the remainder when m is divided by ((-1)/3)/((-1)/u)?
9
What is the remainder when 36 is divided by 3/6 + 125/10?
10
Suppose 11 + 28 = 3*d. Let v(q) = -q**3 + 8*q**2 - 7*q - 7. What is the remainder when v(6) is divided by d?
10
Let z(c) = c**2 + 8*c + 8. Let m(q) = -8*q**2. Let o be m(-1). Calculate the remainder when 31 is divided by z(o).
7
Let q be (-3)/(-3) + 1 + 2. Suppose q*t - 2*n - 228 = 0, -13 = 5*n - 33. Let y = t + -31. What is the remainder when y is divided by 15?
13
Let l = -44 + 89. Suppose 3*y = 3*d + 81, 4*y = -0*y - 4*d + 76. What is the remainder when l is divided by y?
22
Suppose 6*s - 7*s = -10. Let g = 22 + -5. Suppose s + g = 3*f. Calculate the remainder when 26 is divided by f.
8
Let y = -131 + 144. Calculate the remainder when 37 is divided by y.
11
Suppose 0 = -0*r + 4*r - 44. Let o(y) = -y**3 + 12*y**2 - 10*y + 13. What is the remainder when o(r) is divided by 5?
4
Let w = 157 - 139. What is the remainder when 52 is divided by w?
16
Suppose a = -4*f + 5 + 110, a - 101 = 3*f. What is the remainder when a is divided by 31?
14
Let b(f) = f**3 + 5*f**2 + 3*f + 4. Let p be b(-5). Let h = p + 27. Let d = 43 + 4. What is the remainder when d is divided by h?
15
Let c = 8 + -16. Let l = 3 - -2. Calculate the remainder when 1 + 6 + c/(-4) is divided by l.
4
Let l be (4/6)/(16/24). Let r(s) = 3*s**3 - 2*s**2 + 1. What is the remainder when 4 is divided by r(l)?
0
Let p = -4 - -46. What is the remainder when p is divided by 23?
19
What is the remainder when (-389)/(-6) - (-4 + (-46)/(-12)) is divided by 33?
32
Let j(x) = 1. Let k(a) = -53*a + 9. Let u(n) = 4*j(n) - k(n). What is the remainder when u(2) is divided by 26?
23
Suppose 2*z + 35 = 11. Calculate the remainder when (z/(-5))/(2/35) is divided by 22.
20
Suppose -11 + 1 = -2*z, 4*z = 2*w + 34. Let a = 10 + w. What is the remainder when (-4)/6*(-5 + -1) is divided by a?
1
Suppose 5*f = -3*s - 2*s - 255, -4*f = -4*s + 188. Let t = -11 - f. What is the remainder when t is divided by 13?
12
Suppose 4 + 1 = 5*y. Calculate the remainder when 71 is divided by 29/y + -2 - 3.
23
Let i = 250 - 42. Calculate the remainder when i is divided by 42.
40
Let w = -3 - -185. What is the remainder when w is divided by 61?
60
What is the remainder when 21 is divided by 3 + (-10)/2 - -10?
5
Let z(h) = 2*h**2 + 14*h - 10. Suppose 3*m - 3*k - 72 = 0, 0*m + m + 5*k = 0. Calculate the remainder when z(-11) is divided by m.
18
Suppose -2*q - 82 = -4*i, 2*q = -2*q - 20. Let l(f) = f + 1. Let u be l(-1). Suppose u*x - 5*x = -25. Calculate the remainder when i is divided by x.
3
What is the remainder when ((4 + -3)*-19)/(-1) is divided by 11?
8
Suppose t + 3*t = 2*c + 2, c = t + 2. Suppose 4*s - 105 = -t*u, 3*s - 76 = -5*u - 0*u. Calculate the remainder when s is divided by 10.
7
Suppose -5*t - 6*t + 297 = 0. What is the remainder when 78 is divided by t?
24
Let f(v) = 3*v - 1. Let x be f(1). Suppose x*y = -5*j + 29, j - 13 = -3*y + 5*y. Calculate the remainder when 18 is divided by 84/j + -1*2.
8
Suppose 23 = -3*n + 5. What is the remainder when 10 is divided by (-10)/(-15) + (-20)/n?
2
Let r(s) = -s + 18. What is the remainder when r(-6) is divided by 7?
3
What is the remainder when (3 - 172)*(1 + -2) - 3 is divided by 42?
40
Suppose 0 = -2*y - 0*y - 4. What is the remainder when (-1)/y - (-57)/6 is divided by 3?
1
What is the remainder when 389 is divided by (-85)/(-6) - (-42)/(-252)?
11
Let n(s) = s**2 + 3*s + 22. Calculate the remainder when 86 is divided by n(0).
20
Let k = 6 - 3. Suppose -6 = 3*s, 3*v + 12 = 6*v - k*s. Suppose 4*b - 2*g + 6*g - 96 = 0, -v*b - 3*g = -44. Calculate the remainder when b is divided by 15.
13
Suppose -4*k - 13 = 3*w + k, w = -2*k - 6. Calculate the remainder when 14 is divided by w.
2
Let r(u) = -u + 10. Let l be r(5). Suppose -3*c - 5 = 4*w, -l*c - 4*w = -w + 1. Let p(m) = m**2 - 7*m - 6. Calculate the remainder when p(8) is divided by c.
0
Let p = 5 - 2. Suppose p*a - 40 - 26 = 0. What is the remainder when a is divided by 12?
10
Let v be 100/16 + 6/8. Let q = 4 - v. What is the remainder when (-2)/q - (-762)/18 is divided by 15?
13
Suppose 6*o - 165 = o. Calculate the remainder when 130 is divided by o.
31
Let z(s) = s**3 + 6*s**2 - 16*s + 10. Let t = -15 - -52. What is the remainder when t is divided by z(-8)?
7
Let a be 2/(4/(-70)) - 3. Let z = a + 57. Let h = 18 + -8. What is the remainder when z is divided by h?
9
Let d be (2 + -3 - -4)/1. Suppose 208 = 4*w - 2*f, d*f - 61 = -w - 23. Calculate the remainder when w is divided by (-17)/(-1) - (-3 - -3).
16
Suppose 2*u = -1 - 11. Let d(q) = -q**3 - 5*q**2 + 4*q - 1. Calculate the remainder when 18 is divided by d(u).
7
Let f = 17 + -14. Suppose v = f*v - 82. What is the remainder when v is divided by 11?
8
Let n be (3 + (-2)/1)*-11. Let o = n + 18. Calculate the remainder when 26 is divided by o.
5
Let c(x) = 6*x - 6. What is the remainder when 33 is divided by c(3)?
9
Let o(f) = -f**2 - 11*f - 6. Let j be o(-6). Suppose 3*p - j = 9. Suppose -4*z + 17 + 111 = 0. What is the remainder when z is divided by p?
10
Let i(u) = 24*u**2 - u + 2. What is the remainder when i(1) is divided by 7?
4
Let o = -4 - -5. Let m(x) = 12*x + o - 3*x - x. Calculate the remainder when m(1) is divided by 5.
4
What is the remainder when ((-15)/1 - 0)/(-3) is divided by 2?
1
Suppose 0 = -3*y + y + 80. Calculate the remainder when y is divided by 14.
12
What is the remainder when ((-1)/(-3))/(8/840) is divided by 9?
8
Suppose -4*l - t = 4*t - 281, 6 = -2*t. Suppose 0 = -4*b + 134 - 58. What is the remainder when l is divided by b?
17
Let x(m) = m + 5. Let w(s) be the first derivative of 3*s**3 + s**2/2 + 1. Let z be w(-1). Calculate the remainder when 24 is divided by x(z).
11
Calculate the remainder when (-17)/((-714)/2280) - 2/7 is divided by 7.
5
Suppose 4*h - 3*p + p = 266, 4*p = 3*h - 212. Calculate the remainder when h is divided by 22.
20
Suppose -5*i = -0*i + 5. Let t = 2 + -1. Calculate the remainder when i/(2/(-2 - 2)) is divided by t.
0
What is the remainder when 3 + -3 + (-378)/(-6) is divided by 13?
11
Suppose t + 25 = 38. Calculate the remainder when 103 is divided by t.
12
Suppose -4*j + 48 = -4*r, r - 1 = -2*j + 2. What is the remainder when 27 is divided by r*(-1 + -1 + 1)?
6
Let j be (0 - -2)/((-9)/(-18)). Let l be (j/7)/(16/56). What is the remainder when -1 + 18 + 1 - l is divided by 6?
4
Let o be (114/(-12))/(1/(-14)). Suppose h + 13 - 48 = -k, -4*h - o = -3*k. What is the remainder when k is divided by 21?
18
Suppose r + 13 = -i, 79 = -5*r - 0*i + 2*i. Let b = 2 - r. What is the remainder when b is divided by 9?
8
Calculate the remainder when 49/((1 - -2) + -2) is divided by 13.
10
Let y = 10 + -3. What is the remainder